{"id":636,"date":"2022-03-28T13:36:29","date_gmt":"2022-03-28T13:36:29","guid":{"rendered":"https:\/\/eurospeleoart.eu\/?page_id=636"},"modified":"2022-04-05T11:02:57","modified_gmt":"2022-04-05T11:02:57","slug":"maya-c-da-fonseca-castejon","status":"publish","type":"page","link":"https:\/\/eurospeleoart.eu\/?page_id=636","title":{"rendered":"Maya.C (Da Fons\u00e9ca Castejon)"},"content":{"rendered":"\n<p><strong><em>France<\/em><\/strong><\/p>\n\n\n\n<p>Mes cr\u00e9ations naissent de l\u2019accumulation minutieuse de mati\u00e8res h\u00e9t\u00e9roclites, fragments de paillettes, mati\u00e8res qui se superposent pour scintiller, empilages de d\u00e9tails, de couleurs fluorescentes, de bouts, de miettes, de mat\u00e9riaux de r\u00e9cup\u00e9ration qui recomposent des mythologies archa\u00efques et personnelles o\u00f9 chaque vivant et non vivant est interconnect\u00e9 et interagit. L\u2019espace, le temps, le point de vue, les sons\u2026 sont per\u00e7us diff\u00e9remment s\u2019il s\u2019agit un loup, d\u2019une bact\u00e9rie, d\u2019un atome, d\u2019une galaxie. L\u2019humain n\u2019est plus s\u00e9par\u00e9 du r\u00e9seau, il est en symbiose, en complicit\u00e9 avec tous les \u00eatres.<\/p>\n\n\n\n<p>Je suis n\u00e9e \u00e0 Paris en 1961 de parents et de grands parents r\u00e9fugi\u00e9s politiques ayant combattu et fui le franquisme pendant la guerre d\u2019Espagne. Un environnement de r\u00e9bellion, une fiert\u00e9 de la r\u00e9volte qui ont contribu\u00e9 \u00e0 me forger une vision hors les normes. Mes cr\u00e9ations inscrivent et expriment aussi cela.<\/p>\n\n\n\n<p>Beaux-arts et images de synth\u00e8ses de 1979 \u00e0 1986 puis 35 ans professeure d\u2019arts appliqu\u00e9s en lyc\u00e9e professionnel, je me suis engag\u00e9e avec d\u00e9mesure pour des \u00e9l\u00e8ves que je voulais \u00e9merveiller de leurs propres cr\u00e9ations. De nombreux spectacles \u00e0 l\u2019intonation surr\u00e9aliste pour cr\u00e9er un univers global: maquettes, d\u00e9cors, costumes, musiques, textes, mise en sc\u00e8ne, expositions, performances, action artistiques diverses.<\/p>\n\n\n\n<p>J\u2019ai \u00e9galement enseign\u00e9 4 ans en Polyn\u00e9sie. J\u2019ai voyag\u00e9 \u00e0 travers le monde, des treks sur les montagnes et les volcans.<\/p>\n\n\n\n<p>Ma r\u00e9cente passion pour la pratique de la sp\u00e9l\u00e9ologie me conduira j\u2019esp\u00e8re, \u00e0 de nombreuses explorations de cavit\u00e9s.<\/p>\n\n\n\n<p>Je me suis investie dans mes cr\u00e9ations avec force et conviction comme une affam\u00e9e boulimique en qu\u00eate d\u2019un id\u00e9al inatteignable.<\/p>\n\n\n\n<p>___________________________________________________________________________________________<\/p>\n\n\n\n<p>My creations are born from the meticulous accumulation of heterogeneous materials, fragments of glitter, materials that overlap to sparkle, stacks of details, fluorescent colors, bits, crumbs, recycled materials that recompose archaic and personal mythologies where every living and non-living is interconnected and interacts. Space, time, point of view, sounds&#8230; are perceived differently if it is a wolf, a bacterium, an atom, a galaxy. The human is no longer separated from the network, he is in symbiosis, in complicity with all beings.<\/p>\n\n\n\n<p>I was born in Paris in 1961 from political refugee parents and grandparents who fought and fled Francoism during the Spanish Civil War. An environment of rebellion, a pride in revolt that helped me to forge an original vision. My creations also express this.<br><\/p>\n\n\n\n<p>Fine arts and digital images from 1979 to 1986 then 35 years as a teacher of applied arts in a professional high school, I committed myself excessively to students whom I wanted to amaze with their own creations. Many shows with surreal intonation to create a global universe: models, sets, costumes, music, texts, staging, exhibitions, performances, various artistic actions.<br><\/p>\n\n\n\n<p>I also taught for 4 years in Polynesia. I have traveled around the world, treks on mountains and volcanoes.<br><\/p>\n\n\n\n<p>My recent passion for the practice of speleology will lead me, I hope, to many explorations of cavities.<br><\/p>\n\n\n\n<p>I invested myself in my creations with strength and conviction like a hungry bulimic in search of an unattainable ideal .<\/p>\n\n\n\n<p>Website: <a rel=\"noreferrer noopener\" href=\"https:\/\/maya-cpeinturesculptures.odexpo.com\/\" data-type=\"URL\" data-id=\"https:\/\/maya-cpeinturesculptures.odexpo.com\/\" target=\"_blank\">Maya.C<\/a><\/p>\n\n\n\n<div data-wp-interactive=\"core\/file\" class=\"wp-block-file\"><object data-wp-bind--hidden=\"!state.hasPdfPreview\" hidden class=\"wp-block-file__embed\" data=\"https:\/\/eurospeleoart.eu\/wp-content\/uploads\/2022\/03\/Maya.C_1.pdf\" type=\"application\/pdf\" style=\"width:100%;height:600px\" aria-label=\"Embed of Embed of Anim\u00e9ral..\"><\/object><a id=\"wp-block-file--media-7db4edbb-de4b-47b0-a105-eb18da74631d\" href=\"https:\/\/eurospeleoart.eu\/wp-content\/uploads\/2022\/03\/Maya.C_1.pdf\">Anim\u00e9ral<\/a><a href=\"https:\/\/eurospeleoart.eu\/wp-content\/uploads\/2022\/03\/Maya.C_1.pdf\" class=\"wp-block-file__button\" download aria-describedby=\"wp-block-file--media-7db4edbb-de4b-47b0-a105-eb18da74631d\">Download<\/a><\/div>\n\n\n\n<p><strong><em>Anim\u00e9ral ou A l&#8217;int\u00e9rieur des pierres<\/em><\/strong><\/p>\n\n\n\n<p>Mixing Techniques, 130  x  114  x  15 cm, March 2022<\/p>\n\n\n\n<p>Ma cr\u00e9ation est une peinture en relief qui repr\u00e9sente une goutte d\u2019eau, qui est la terre.&nbsp;<\/p>\n\n\n\n<p>En surface : nos modes de vie, notre anthropocentrisme qui impactent la plan\u00e8te.<\/p>\n\n\n\n<p>La transition : le passage entre deux mondes<\/p>\n\n\n\n<p>L\u2019int\u00e9rieur de la cavit\u00e9 : ce blanc de l\u2019int\u00e9rieur des pierres, cette puissance, cette patience d\u00e9mesur\u00e9e, cette symbiose entre le vivant et le non vivant.<\/p>\n\n\n\n<p>Il y a 3 documents: (2 PDF et un film)<\/p>\n\n\n\n<ol class=\"wp-block-list\" type=\"1\"><li>Le tableau et un petit texte<\/li><li>Des d\u00e9tails et des explications plus compl\u00e8tes<\/li><li>Un film qui permet de voir les volumes du tableau <\/li><\/ol>\n\n\n\n<p>___________________________________________________________________________________________<\/p>\n\n\n\n<p>My creation is a 3D painting that represents a drop of water, which is the earth.<\/p>\n\n\n\n<p>On the surface: our lifestyles, our anthropocentrism that impact the planet.<\/p>\n\n\n\n<p>The transition: the passage between two worlds <\/p>\n\n\n\n<p>The interior of the cavity: this whiteness inside the stones, this power, this excessive patience, this symbiosis between the living and the non-living.<\/p>\n\n\n\n<p>There are 3 documents: (2 PDFs and a movie)<\/p>\n\n\n\n<ol class=\"wp-block-list\"><li>The table and a small text<\/li><li>More complete details and explanations<\/li><li>A film that allows you to see the volumes of the painting <\/li><\/ol>\n\n\n\n<div data-wp-interactive=\"core\/file\" class=\"wp-block-file\"><object data-wp-bind--hidden=\"!state.hasPdfPreview\" hidden class=\"wp-block-file__embed\" data=\"https:\/\/eurospeleoart.eu\/wp-content\/uploads\/2022\/03\/Maya.C_2_FR.pdf\" type=\"application\/pdf\" style=\"width:100%;height:600px\" aria-label=\"Embed of Embed of Anim\u00e9ral_FR..\"><\/object><a id=\"wp-block-file--media-e87f8d81-7692-4a4b-8bad-9c412d7ed1a2\" href=\"https:\/\/eurospeleoart.eu\/wp-content\/uploads\/2022\/03\/Maya.C_2_FR.pdf\">Anim\u00e9ral_FR<\/a><a href=\"https:\/\/eurospeleoart.eu\/wp-content\/uploads\/2022\/03\/Maya.C_2_FR.pdf\" class=\"wp-block-file__button\" download aria-describedby=\"wp-block-file--media-e87f8d81-7692-4a4b-8bad-9c412d7ed1a2\">Download<\/a><\/div>\n\n\n\n<p><strong><em>Anim\u00e9ral ou A l&#8217;int\u00e9rieur des pierres, d\u00e9tails en fran\u00e7ais<\/em><\/strong><\/p>\n\n\n\n<div data-wp-interactive=\"core\/file\" class=\"wp-block-file\"><object data-wp-bind--hidden=\"!state.hasPdfPreview\" hidden class=\"wp-block-file__embed\" data=\"https:\/\/eurospeleoart.eu\/wp-content\/uploads\/2022\/03\/Maya.C_2_EN.pdf\" type=\"application\/pdf\" style=\"width:100%;height:600px\" aria-label=\"Embed of Embed of Anim\u00e9ral_EN..\"><\/object><a id=\"wp-block-file--media-3ac175f3-1544-4331-94ec-dbe0fb3e99de\" href=\"https:\/\/eurospeleoart.eu\/wp-content\/uploads\/2022\/03\/Maya.C_2_EN.pdf\">Anim\u00e9ral_EN<\/a><a href=\"https:\/\/eurospeleoart.eu\/wp-content\/uploads\/2022\/03\/Maya.C_2_EN.pdf\" class=\"wp-block-file__button\" download aria-describedby=\"wp-block-file--media-3ac175f3-1544-4331-94ec-dbe0fb3e99de\">Download<\/a><\/div>\n\n\n\n<p><strong><em>Anim\u00e9ral ou A l&#8217;int\u00e9rieur des pierres, details in English<\/em><\/strong><\/p>\n\n\n\n<figure class=\"wp-block-embed is-type-video is-provider-youtube wp-block-embed-youtube wp-embed-aspect-16-9 wp-has-aspect-ratio\"><div class=\"wp-block-embed__wrapper\">\n<iframe loading=\"lazy\" title=\"Anim\u00e9ral ou A l&#039;int\u00e9rieur des pierres\" width=\"616\" height=\"347\" src=\"https:\/\/www.youtube.com\/embed\/uKCYK6Q1TJs?feature=oembed\" frameborder=\"0\" allow=\"accelerometer; autoplay; clipboard-write; encrypted-media; gyroscope; picture-in-picture; web-share\" referrerpolicy=\"strict-origin-when-cross-origin\" allowfullscreen><\/iframe>\n<\/div><figcaption><strong><em>Anim\u00e9ral ou A l&#8217;int\u00e9rieur des pierres<\/em><\/strong><\/figcaption><\/figure>\n","protected":false},"excerpt":{"rendered":"<p>France Mes cr\u00e9ations naissent de l\u2019accumulation minutieuse de mati\u00e8res h\u00e9t\u00e9roclites, fragments de paillettes, mati\u00e8res qui se superposent pour scintiller, empilages de d\u00e9tails, de couleurs fluorescentes, de bouts, de miettes, de mat\u00e9riaux de r\u00e9cup\u00e9ration qui recomposent des mythologies archa\u00efques et personnelles o\u00f9 chaque vivant et non vivant est interconnect\u00e9 et interagit. L\u2019espace, le temps, le point [&hellip;]<\/p>\n","protected":false},"author":1,"featured_media":0,"parent":78,"menu_order":0,"comment_status":"closed","ping_status":"closed","template":"","meta":{"footnotes":""},"class_list":["post-636","page","type-page","status-publish","hentry"],"_links":{"self":[{"href":"https:\/\/eurospeleoart.eu\/index.php?rest_route=\/wp\/v2\/pages\/636","targetHints":{"allow":["GET"]}}],"collection":[{"href":"https:\/\/eurospeleoart.eu\/index.php?rest_route=\/wp\/v2\/pages"}],"about":[{"href":"https:\/\/eurospeleoart.eu\/index.php?rest_route=\/wp\/v2\/types\/page"}],"author":[{"embeddable":true,"href":"https:\/\/eurospeleoart.eu\/index.php?rest_route=\/wp\/v2\/users\/1"}],"replies":[{"embeddable":true,"href":"https:\/\/eurospeleoart.eu\/index.php?rest_route=%2Fwp%2Fv2%2Fcomments&post=636"}],"version-history":[{"count":18,"href":"https:\/\/eurospeleoart.eu\/index.php?rest_route=\/wp\/v2\/pages\/636\/revisions"}],"predecessor-version":[{"id":961,"href":"https:\/\/eurospeleoart.eu\/index.php?rest_route=\/wp\/v2\/pages\/636\/revisions\/961"}],"up":[{"embeddable":true,"href":"https:\/\/eurospeleoart.eu\/index.php?rest_route=\/wp\/v2\/pages\/78"}],"wp:attachment":[{"href":"https:\/\/eurospeleoart.eu\/index.php?rest_route=%2Fwp%2Fv2%2Fmedia&parent=636"}],"curies":[{"name":"wp","href":"https:\/\/api.w.org\/{rel}","templated":true}]}}

Maya.C (Da Fonséca Castejon)

<p><strong><em>France</em></strong></p>



<p>Mes créations naissent de l’accumulation minutieuse de matières hétéroclites, fragments de paillettes, matières qui se superposent pour scintiller, empilages de détails, de couleurs fluorescentes, de bouts, de miettes, de matériaux de récupération qui recomposent des mythologies archaïques et personnelles où chaque vivant et non vivant est interconnecté et interagit. L’espace, le temps, le point de vue, les sons… sont perçus différemment s’il s’agit un loup, d’une bactérie, d’un atome, d’une galaxie. L’humain n’est plus séparé du réseau, il est en symbiose, en complicité avec tous les êtres.</p>



<p>Je suis née à Paris en 1961 de parents et de grands parents réfugiés politiques ayant combattu et fui le franquisme pendant la guerre d’Espagne. Un environnement de rébellion, une fierté de la révolte qui ont contribué à me forger une vision hors les normes. Mes créations inscrivent et expriment aussi cela.</p>



<p>Beaux-arts et images de synthèses de 1979 à 1986 puis 35 ans professeure d’arts appliqués en lycée professionnel, je me suis engagée avec démesure pour des élèves que je voulais émerveiller de leurs propres créations. De nombreux spectacles à l’intonation surréaliste pour créer un univers global: maquettes, décors, costumes, musiques, textes, mise en scène, expositions, performances, action artistiques diverses.</p>



<p>J’ai également enseigné 4 ans en Polynésie. J’ai voyagé à travers le monde, des treks sur les montagnes et les volcans.</p>



<p>Ma récente passion pour la pratique de la spéléologie me conduira j’espère, à de nombreuses explorations de cavités.</p>



<p>Je me suis investie dans mes créations avec force et conviction comme une affamée boulimique en quête d’un idéal inatteignable.</p>



<p>___________________________________________________________________________________________</p>



<p>My creations are born from the meticulous accumulation of heterogeneous materials, fragments of glitter, materials that overlap to sparkle, stacks of details, fluorescent colors, bits, crumbs, recycled materials that recompose archaic and personal mythologies where every living and non-living is interconnected and interacts. Space, time, point of view, sounds&#8230; are perceived differently if it is a wolf, a bacterium, an atom, a galaxy. The human is no longer separated from the network, he is in symbiosis, in complicity with all beings.</p>



<p>I was born in Paris in 1961 from political refugee parents and grandparents who fought and fled Francoism during the Spanish Civil War. An environment of rebellion, a pride in revolt that helped me to forge an original vision. My creations also express this.<br></p>



<p>Fine arts and digital images from 1979 to 1986 then 35 years as a teacher of applied arts in a professional high school, I committed myself excessively to students whom I wanted to amaze with their own creations. Many shows with surreal intonation to create a global universe: models, sets, costumes, music, texts, staging, exhibitions, performances, various artistic actions.<br></p>



<p>I also taught for 4 years in Polynesia. I have traveled around the world, treks on mountains and volcanoes.<br></p>



<p>My recent passion for the practice of speleology will lead me, I hope, to many explorations of cavities.<br></p>



<p>I invested myself in my creations with strength and conviction like a hungry bulimic in search of an unattainable ideal .</p>



<p>Website: <a rel="noreferrer noopener" href="https://maya-cpeinturesculptures.odexpo.com/" data-type="URL" data-id="https://maya-cpeinturesculptures.odexpo.com/" target="_blank">Maya.C</a></p>



<div data-wp-interactive="core/file" class="wp-block-file"><object data-wp-bind--hidden="!state.hasPdfPreview" hidden class="wp-block-file__embed" data="https://eurospeleoart.eu/wp-content/uploads/2022/03/Maya.C_1.pdf" type="application/pdf" style="width:100%;height:600px" aria-label="Embed of Embed of Animéral.."></object><a id="wp-block-file--media-7db4edbb-de4b-47b0-a105-eb18da74631d" href="https://eurospeleoart.eu/wp-content/uploads/2022/03/Maya.C_1.pdf">Animéral</a><a href="https://eurospeleoart.eu/wp-content/uploads/2022/03/Maya.C_1.pdf" class="wp-block-file__button" download aria-describedby="wp-block-file--media-7db4edbb-de4b-47b0-a105-eb18da74631d">Download</a></div>



<p><strong><em>Animéral ou A l&#8217;intérieur des pierres</em></strong></p>



<p>Mixing Techniques, 130  x  114  x  15 cm, March 2022</p>



<p>Ma création est une peinture en relief qui représente une goutte d’eau, qui est la terre.&nbsp;</p>



<p>En surface : nos modes de vie, notre anthropocentrisme qui impactent la planète.</p>



<p>La transition : le passage entre deux mondes</p>



<p>L’intérieur de la cavité : ce blanc de l’intérieur des pierres, cette puissance, cette patience démesurée, cette symbiose entre le vivant et le non vivant.</p>



<p>Il y a 3 documents: (2 PDF et un film)</p>



<ol class="wp-block-list" type="1"><li>Le tableau et un petit texte</li><li>Des détails et des explications plus complètes</li><li>Un film qui permet de voir les volumes du tableau </li></ol>



<p>___________________________________________________________________________________________</p>



<p>My creation is a 3D painting that represents a drop of water, which is the earth.</p>



<p>On the surface: our lifestyles, our anthropocentrism that impact the planet.</p>



<p>The transition: the passage between two worlds </p>



<p>The interior of the cavity: this whiteness inside the stones, this power, this excessive patience, this symbiosis between the living and the non-living.</p>



<p>There are 3 documents: (2 PDFs and a movie)</p>



<ol class="wp-block-list"><li>The table and a small text</li><li>More complete details and explanations</li><li>A film that allows you to see the volumes of the painting </li></ol>



<div data-wp-interactive="core/file" class="wp-block-file"><object data-wp-bind--hidden="!state.hasPdfPreview" hidden class="wp-block-file__embed" data="https://eurospeleoart.eu/wp-content/uploads/2022/03/Maya.C_2_FR.pdf" type="application/pdf" style="width:100%;height:600px" aria-label="Embed of Embed of Animéral_FR.."></object><a id="wp-block-file--media-e87f8d81-7692-4a4b-8bad-9c412d7ed1a2" href="https://eurospeleoart.eu/wp-content/uploads/2022/03/Maya.C_2_FR.pdf">Animéral_FR</a><a href="https://eurospeleoart.eu/wp-content/uploads/2022/03/Maya.C_2_FR.pdf" class="wp-block-file__button" download aria-describedby="wp-block-file--media-e87f8d81-7692-4a4b-8bad-9c412d7ed1a2">Download</a></div>



<p><strong><em>Animéral ou A l&#8217;intérieur des pierres, détails en français</em></strong></p>



<div data-wp-interactive="core/file" class="wp-block-file"><object data-wp-bind--hidden="!state.hasPdfPreview" hidden class="wp-block-file__embed" data="https://eurospeleoart.eu/wp-content/uploads/2022/03/Maya.C_2_EN.pdf" type="application/pdf" style="width:100%;height:600px" aria-label="Embed of Embed of Animéral_EN.."></object><a id="wp-block-file--media-3ac175f3-1544-4331-94ec-dbe0fb3e99de" href="https://eurospeleoart.eu/wp-content/uploads/2022/03/Maya.C_2_EN.pdf">Animéral_EN</a><a href="https://eurospeleoart.eu/wp-content/uploads/2022/03/Maya.C_2_EN.pdf" class="wp-block-file__button" download aria-describedby="wp-block-file--media-3ac175f3-1544-4331-94ec-dbe0fb3e99de">Download</a></div>



<p><strong><em>Animéral ou A l&#8217;intérieur des pierres, details in English</em></strong></p>



<figure class="wp-block-embed is-type-video is-provider-youtube wp-block-embed-youtube wp-embed-aspect-16-9 wp-has-aspect-ratio"><div class="wp-block-embed__wrapper">
<iframe loading="lazy" title="Animéral ou A l&#039;intérieur des pierres" width="616" height="347" src="https://www.youtube.com/embed/uKCYK6Q1TJs?feature=oembed" frameborder="0" allow="accelerometer; autoplay; clipboard-write; encrypted-media; gyroscope; picture-in-picture; web-share" referrerpolicy="strict-origin-when-cross-origin" allowfullscreen></iframe>
</div><figcaption><strong><em>Animéral ou A l&#8217;intérieur des pierres</em></strong></figcaption></figure>

<p>France Mes créations naissent de l’accumulation minutieuse de matières hétéroclites, fragments de paillettes, matières qui se superposent pour scintiller, empilages de détails, de couleurs fluorescentes, de bouts, de miettes, de matériaux de récupération qui recomposent des mythologies archaïques et personnelles où chaque vivant et non vivant est interconnecté et interagit. L’espace, le temps, le point [&hellip;]</p>
